 -322*n - 147369. Calculate r(-458).
107
Let u(w) = w**3 + 14*w**2 - 1553*w - 15933. Give u(-10).
-3
Let d(g) = g**2 + 912*g - 51145. Calculate d(53).
0
Let k(n) = 13*n**3 - 251*n**2 + 517*n - 107. Calculate k(17).
12
Let o(r) = -80874*r - 161573. Determine o(-2).
175
Let w(n) = -34*n**3 - 240*n**2 - 12396*n - 86669. Calculate w(-7).
5
Let q(h) = h**2 - 26756*h + 294254. Calculate q(11).
59
Let k(h) = 10*h**2 - 592*h - 2546. What is k(58)?
-3242
Let v(t) = 3628*t**2 - 7294*t + 71. Determine v(2).
-5
Let k(n) = 45*n**2 - 1208*n + 9692. Give k(8).
2908
Let n(u) = -281*u - 5222. What is n(-19)?
117
Let f(o) = o**2 - 29*o - 2657. Determine f(66).
-215
Let t(s) = 2*s**2 - 785*s + 385. Calculate t(392).
-7
Let v(y) = -227*y - 5177. What is v(-38)?
3449
Let a(y) = y**3 - 12*y**2 + 740*y - 8301. Determine a(11).
-282
Let r(f) = f**3 - 12*f**2 - f + 144. Determine r(13).
300
Let y(g) = 914*g**2 + 11706*g - 2285. Give y(-13).
3
Let a(s) = -3*s**2 + 6400*s - 214222. Determine a(34).
-90
Let z(b) = 1514*b + 251334. What is z(-166)?
10
Let f(n) = 1352*n - 6923. What is f(5)?
-163
Let y(i) = 3*i**2 + 745*i - 2941. Give y(-259).
5347
Let z(q) = -6*q**3 + 3*q**2 + 3165*q - 6353. Calculate z(2).
-59
Let z(i) = -20214*i + 282745. Give z(14).
-251
Let x(v) = -4649*v**2 - 55*v - 7. Determine x(-1).
-4601
Let w(z) = -z**2 + 286*z + 13459. Determine w(328).
-317
Let u(n) = 1863*n - 130257. Determine u(70).
153
Let z(x) = -2*x**3 - 181*x**2 - 794*x - 16088. What is z(-87)?
7
Let k(i) = i**2 - 1510*i + 42354. Give k(28).
858
Let m(p) = 2*p**3 + 85*p**2 - 52*p - 2770. Give m(-42).
1178
Let m(z) = -1502*z**2 - 4029*z + 1414. What is m(-3)?
-17
Let c(t) = -t**3 + 2*t**2 - 15236*t - 30484. Determine c(-2).
4
Let f(t) = -641*t + 256544. Determine f(399).
785
Let n(l) = 3*l**3 + 69*l**2 + 2227*l + 47539. What is n(-22)?
-3
Let a(x) = -6116*x + 1143683. Determine a(187).
-9
Let c(q) = 69876*q - 7267098. Give c(104).
6
Let n(u) = 1436*u**3 - 4*u**2 - 3*u + 3. Give n(1).
1432
Let k(w) = w**3 + w**2 - 478*w + 2941. Give k(17).
17
Let a(n) = 3731*n + 682860. Determine a(-183).
87
Let n(d) = d**2 + 134*d + 1532. Determine n(-118).
-356
Let g(l) = 2821*l - 36692. Calculate g(13).
-19
Let y(g) = -g**3 - 11*g**2 + 24061*g + 168609. What is y(-7)?
-14
Let h(b) = 9398*b + 2763014. What is h(-294)?
2
Let j(o) = -1173*o**2 + 3512*o + 33. Give j(3).
12
Let j(b) = 968407*b + 24210174. Calculate j(-25).
-1
Let x(l) = 2264*l**2 + 33925*l - 8. Determine x(-15).
517
Let f(b) = 92*b**2 + 951*b - 1911. Calculate f(2).
359
Let o(c) = 2*c**3 + 26*c**2 - 87*c - 1141. Determine o(-10).
329
Let m(a) = 58*a - 4322. Give m(82).
434
Let w(r) = -r**3 - 16*r**2 + 299*r + 5410. Calculate w(-17).
616
Let v(l) = -280*l**3 + l**2 - 68*l - 68. Calculate v(-1).
281
Let q(z) = 9*z**2 + 97*z - 105. Determine q(15).
3375
Let q(t) = -t**3 - 1003*t**2 + 1003*t - 1048. Give q(-1004).
-44
Let p(x) = -5087*x - 96636. Determine p(-19).
17
Let r(s) = 33843*s - 473796. What is r(14)?
6
Let j(s) = -14944*s + 89195. Calculate j(6).
-469
Let h(n) = 5741*n - 45993. What is h(8)?
-65
Let j(y) = 13844*y + 996815. Calculate j(-72).
47
Let s(u) = 44673*u + 669955. Calculate s(-15).
-140
Let v(g) = -3*g**3 + 10*g**2 + 173*g - 33. Calculate v(-10).
2237
Let y(t) = t**3 - 11*t**2 + 749*t - 10046. Calculate y(13).
29
Let n(b) = -1883*b - 406714. Determine n(-216).
14
Let l(w) = w**3 - 33*w**2 + 224*w + 4. What is l(23)?
-134
Let q(c) = 9*c**3 + 125*c**2 + 93*c + 69. What is q(-13)?
212
Let f(d) = d**3 - 1080*d**2 - 67*d + 72363. Determine f(1080).
3
Let k(f) = -2*f**2 + 1196*f + 32447. Give k(624).
-1
Let p(j) = -2*j**3 + 12*j**2 + 48*j - 284. What is p(6)?
4
Let r(p) = 2*p**3 - 55*p**2 - 91*p - 54. What is r(29)?
-170
Let n(t) = -2*t**3 - 21*t**2 + 756*t + 7656. Calculate n(-10).
-4
Let c(b) = 4368*b + 1769044. Give c(-405).
4
Let l(s) = 23*s**2 + 2193*s + 234. What is l(-95)?
-526
Let b(l) = l**2 + 28081*l - 168513. What is b(6)?
9
Let r(a) = a**2 + 5199*a + 201226. Give r(-39).
-14
Let m(u) = 7667*u - 237661. Determine m(31).
16
Let y(a) = 2*a**3 + 264*a**2 + 1040*a + 67. Determine y(-4).
3
Let x(l) = -1879*l**2 + 13142*l + 36. Determine x(7).
-41
Let m(k) = -4*k**3 - 84*k**2 + 52*k - 36. Give m(-22).
756
Let y(k) = 43187*k + 129539. Determine y(-3).
-22
Let m(w) = -252361*w + 1766533. What is m(7)?
6
Let p(g) = g**3 - 13*g**2 - 121*g + 28. Calculate p(19).
-105
Let v(f) = 36*f**2 + 961*f + 6204. What is v(-10)?
194
Let v(i) = i**3 + 365*i**2 + 8190*i + 1030. Determine v(-341).
-1016
Let z(w) = 18006*w - 6806255. What is z(378)?
13
Let u(f) = 1023*f**2 - 118*f + 117. Give u(1).
1022
Let s(l) = l**3 + 1564*l**2 - 33304*l + 394. Give s(21).
-5
Let a(l) = -l**3 + 73*l**2 + 5366*l + 12857. Determine a(119).
5
Let c(d) = -6769*d - 203082. What is c(-30)?
-12
Let t(l) = 2048*l - 2070. Give t(1).
-22
Let u(p) = 31683*p + 1362388. What is u(-43)?
19
Let y(k) = -k**3 - 25*k**2 - 80*k - 753. Calculate y(-23).
29
Let d(q) = -3*q**3 - 2228*q**2 + 754*q + 8168. Calculate d(-743).
-5
Let i(v) = -v**3 + 9*v**2 - 70*v - 2563. Give i(-10).
37
Let t(p) = -11*p**2 - 535*p - 6299. Calculate t(-20).
1
Let h(t) = -210*t + 753. What is h(4)?
-87
Let g(i) = -8602*i - 1505347. Determine g(-175).
3
Let v(h) = h**3 + 51*h**2 - 125*h - 167. What is v(-53)?
840
Let t(r) = 100096*r - 400384. Give t(4).
0
Let w(y) = -20*y**3 + 8495*y**2 - 6367*y + 2962. What is w(424)?
-6
Let k(b) = 20*b**3 + 248*b**2 + 27*b - 62. Give k(-13).
-2441
Let f(p) = -9736*p - 38315. Calculate f(-4).
629
Let k(o) = -o**2 + 77*o + 23. Determine k(9).
635
Let g(s) = -11085*s - 144102. Determine g(-13).
3
Let v(k) = 3*k**2 - 305*k + 61. Give v(0).
61
Let g(r) = 5*r**3 + 129*r**2 + 481*r + 7. Give g(-4).
-173
Let v(d) = -451*d**2 - 27966*d + 6. Determine v(-62).
254
Let b(h) = 5*h**2 + 413*h + 6616. Calculate b(-16).
1288
Let u(l) = -2*l**2 - 7*l + 770. Calculate u(19).
-85
Let b(h) = 292685*h - 1170717. Calculate b(4).
23
Let p(o) = -2*o**2 + 14*o + 5. Determine p(13).
-151
Let i(k) = 50*k + 160. Calculate i(-2).
60
Let b(a) = 11985*a + 86435. What is b(-7)?
2540
Let f(q) = 194*q**2 - 5231*q - 227. Determine f(27).
-38
Let g(m) = 79699*m - 637596. What is g(8)?
-4
Let k(q) = 1159*q**3 + 5747*q**2 - 231*q + 2. What is k(-5)?
-43
Let u(w) = -48*w**2 + 529*w - 884. Give u(8).
276
Let b(y) = -1101624*y - 8812993. Calculate b(-8).
-1
Let j(s) = -25*s**3 + 2*s**2 - 42*s + 86. Calculate j(3).
-697
Let h(y) = -y**2 - 10136*y - 81033. Determine h(-8).
-9
Let f(c) = 233*c**2 - 210*c + 204. Determine f(1).
227
Let z(w) = 8*w**2 - 326*w + 1615. Give z(35).
5
Let d(q) = -q**3 - 3*q**2 + 271*q - 86. Calculate d(-18).
-104
Let j(g) = -g**3 + 3*g**2 - 188*g + 1116. Give j(6).
-120
Let q(v) = -7*v**3 - 833*v**2 - 48*v - 5713. What is q(-119)?
-1
Let o(j) = 1967*j + 67044. Give o(-34).
166
Let h(f) = 211*f - 26856. What is h(127)?
-59
Let a(d) = -d**3 - 42*d**2 - 347*d - 1614. What is a(-33)?
36
Let j(b) = 2*b**2 + 1606*b - 196764. Determine j(108).
12
Let c(l) = -3172*l + 25484. What is c(8)?
108
Let b(v) = -2*v**3 - 50*v**2 - 330*v + 25. Determine b(-11).
267
Let n(i) = 2*i**2 + 2857*i + 869895. What is n(-440)?
15
Let i(x) = x**3 + 36*x**2 - 186*x + 2849. What is i(-42)?
77
Let i(z) = -z**3 - 35*z**2 - 543*z - 18989. Determine i(-35).
16
Let z(v) = 1199*v + 18563. What is z(-16)?
-621
Let q(x) = 3*x**3 + 1784*x**2 - 187962*x + 1351. Determine q(-686).
-21
Let p(d) = d**3 - 182*d**2 - 3154*d - 2837. Determine p(198).
-65
Let z(j) = j**3 - 61*j**2 + 450*j - 3577. Give z(54).
311
Let c(k) = k**3 - 395*k**2 - 7888*k + 9104. What is c(414)?
-4
Let x(w) = 124113*w + 2482229. Give x(-20).
-31
Let w(o) = -12*o**2 - 152*o - 895. Give w(-6).
-415
Let f(s) = 21221*s - 191118. Calculate f(9).
-129
Let l(u) = 6690*u - 53133. Determine l(8).
387
Let h(a) = -a**2 - 3048*a - 70283. What is h(-23)?
-708
Let u(b) = 75*b**2 - 2344*b + 575. Give u(31).
-14
Let j(r) = -r**3 - 2*r**2 + 428*r + 430. What is j(0)?
430
Let u(g) = 3*g**2 - 41468*g + 207263. Determine u(5).
-2
Let h(g) = 13*g**2 + 986*g + 1139. Determine h(-75).
314
Let o(b) = -2*b**2 - 2521*b - 793038. Calculate o(-604).
14
Let f(y) = -y**2 + 54777*y - 383387. Calculate f(7).
3
Let l(g) = -g**3 + 198*g**2 - 958*g - 1698. What is l(193)?
-347
Let w(a) = -